{"id":4016,"date":"2021-06-16T11:09:02","date_gmt":"2021-06-16T15:09:02","guid":{"rendered":"http:\/\/elements.chem.umass.edu\/rotellogroup\/?page_id=4016"},"modified":"2023-01-13T18:10:30","modified_gmt":"2023-01-13T23:10:30","slug":"2022-2","status":"publish","type":"page","link":"https:\/\/elements.chem.umass.edu\/rotellogroup\/2022-2\/","title":{"rendered":"2022"},"content":{"rendered":"<p>&nbsp;<\/p>\n<ul>\n<li>636) Sanjana Gopalakrishnan, Aarohi Gupta, Dorcas Matuwana, John J. Amante, Cathal J. Kearney, and Vincent M. Rotello<br \/>\n&#8220;In vitro cell culture models for ultrasound treatments using collagen-based scaffolds&#8221;<br \/>\n<a href=\"https:\/\/methods-x.com\/article\/S2215-0161(22)00286-2\/fulltext\"><em>MethodsX<\/em>, November, 2022<\/a><\/li>\n<\/ul>\n<p>&nbsp;<\/p>\n<ul>\n<li>635) Mingdi Jiang, Aritra Nath Chattopadhyay, Cheng Hsuan Li, Yingying Geng, David C. Luther, Rui Huang and Vincent M. Rotello<br \/>\n&#8220;Direct discrimination of cell surface glycosylation signatures using a single pH-responsive boronic acid-functionalized polymer&#8221;<br \/>\n<a href=\"https:\/\/pubs.rsc.org\/en\/content\/articlelanding\/2022\/SC\/D2SC02116A?fbclid=IwAR28SKa7-DTsBF5iDT96ImIJo_fGZLtMgcxEL2KHXo_XaNYQUk2ABQ-ANeU\"><em>Chem. Sci.<\/em>, October, 2022<\/a><\/li>\n<\/ul>\n<p>&nbsp;<\/p>\n<ul>\n<li>634) <span class=\"article__author-link\">Ahmed Nabawy, \u00a0<\/span><span class=\"article__author-link\">Rui Huang,\u00a0<\/span><span class=\"article__author-link\">David C. Luther,\u00a0<\/span><span class=\"article__author-link\">Xianzhi Zhang,\u00a0<\/span><span class=\"article__author-link\">Cheng-Hsuan Li,<i> <\/i><\/span><span class=\"article__author-link\">Jessa Marie Makabenta and <\/span><span class=\"article__author-link\">Vincent M. Rotello,<\/span><br \/>\n&#8220;All-natural gelatin-based bioorthogonal catalysts for efficient eradication of bacterial biofilms&#8221;<br \/>\n<a href=\"https:\/\/pubs.rsc.org\/en\/content\/articlelanding\/2022\/SC\/D2SC03895A?fbclid=IwAR1_wnxrIlWibXCc1IBa2nKCBUNxkYyhUwMAW8wZnh-TmS46ZcNvYQct9Fo\"><em>Chem. Sci.<\/em>, October, 2022<\/a><\/li>\n<\/ul>\n<p>&nbsp;<\/p>\n<ul>\n<li>633) Cristina-Maria Hirschbiegel, Stefano Fedeli, Xianzhi Zhang, Rui Huang, Jungmi Park, Yisheng Xu,<br \/>\n and Vincent M. Rotello<br \/>\n&#8220;Enhanced Design of Gold Catalysts for Bioorthogonal Polyzymes&#8221;<br \/>\n<a href=\"https:\/\/www.mdpi.com\/1996-1944\/15\/18\/6487\"><em>Materials<\/em>, September, 2022<\/a><\/li>\n<\/ul>\n<p>&nbsp;<\/p>\n<ul>\n<li>632) Li-Sheng Wang, Sanjana Gopalakrishnan, Aarohi Gupta, Ruptanu Banerjee, Yi-Wei Lee, and Vincent M. Rotello,<br \/>\n&#8220;Porous Polymerized High Internal Phase Emulsions Prepared Using Proteins and Essential Oils for Antimicrobial Applications&#8221;<br \/>\n<a href=\"https:\/\/pubs.acs.org\/doi\/10.1021\/acs.langmuir.2c01565\"><em>Langmuir<\/em>, September, 2022<\/a><\/li>\n<\/ul>\n<p>&nbsp;<\/p>\n<ul>\n<li>631) Sanjana Gopalakrishnan, Aarohi Gupta, Jessa M. V. Makabenta, Jungmi Park, John J. Amante, Aritra Nath Chattopadhyay, Dorcas Matuwana, Cathal J. Kearney, Vincent M. Rotello,<br \/>\n&#8220;Ultrasound-Enhanced Antibacterial Activity of Polymeric Nanoparticles for Eradicating Bacterial Biofilms&#8221;<br \/>\n<a href=\"https:\/\/onlinelibrary.wiley.com\/doi\/10.1002\/adhm.202201060\"><em>Adv. Healthcare Mater.<\/em>, September, 2022<\/a><\/li>\n<\/ul>\n<p>&nbsp;<\/p>\n<ul>\n<li>630) Rui Huang, Cristina-Maria Hirschbiegel, Xianzhi Zhang, Aarohi Gupta, Stefano Fedeli, Yisheng Xu, and Vincent M. Rotello,<br \/>\n&#8220;Engineered Polymer-Supported Biorthogonal Nanocatalysts Using Flash Nanoprecipitation&#8221;<br \/>\n<a href=\"https:\/\/pubs.acs.org\/doi\/10.1021\/acsami.2c04496\" target=\"_blank\" rel=\"noopener noreferrer\"><em>ACS Appl. Mater. Interfaces, <\/em>July, 2022<\/a><\/li>\n<\/ul>\n<div class=\"inline-authors\">\n<div class=\"authors\"><\/div>\n<\/div>\n<ul>\n<li>629) Sohini Basu Roy, Ahmed Nabawy, Aritra Nath Chattopadhyay, Yingying Geng, Jessa Marie Makabenta, Akash Gupta, and Vincent M. Rotello,<br \/>\n&#8220;A Polymer-Based Multichannel Sensor for Rapid Cell-Based Screening of Antibiotic Mechanisms and Resistance Development&#8221;<br \/>\n<a href=\"https:\/\/pubs.acs.org\/doi\/10.1021\/acsami.2c07012\" target=\"_blank\" rel=\"noopener noreferrer\"><em>ACS Appl. Mater. Interfaces, <\/em>May, 2022<\/a><\/li>\n<\/ul>\n<div class=\"inline-authors\">\n<div class=\"authors\"><\/div>\n<\/div>\n<ul>\n<li>628) Nabawy A., Makabenta J., Schmidt-Malan S., Park J., Li CH., Huang R., Fedeli S., Chattopadhyay AN., Patel R., Rotello V.,<br \/>\n&#8220;Dual antimicrobial-loaded biodegradable nanoemulsions for synergistic treatment of wound biofilms&#8221;<br \/>\n<a href=\"https:\/\/europepmc.org\/article\/med\/35550914\" target=\"_blank\" rel=\"noopener noreferrer\"><em>J. Controlled Release, <\/em>May, 2022<\/a><\/li>\n<\/ul>\n<div class=\"inline-authors\">\n<div class=\"authors\"><\/div>\n<\/div>\n<ul>\n<li>627) David C. Luther, Yi-Wei Lee, Harini Nagaraj, Vincent Clark, Taewon Jeon, Ritabrita Goswami, Sanjana Gopalakrishnan, Stefano Fedeli, William Jerome, James L. Elia, and Vincent M. Rotello<br \/>\n&#8220;Cytosolic Protein Delivery Using Modular Biotin\u2013Streptavidin Assembly of Nanocomposites&#8221;<br \/>\n<a href=\"https:\/\/pubs.acs.org\/doi\/10.1021\/acsnano.1c06768\" target=\"_blank\" rel=\"noopener noreferrer\"><em>ACS Nano, <\/em>April, 2022<\/a><\/li>\n<\/ul>\n<div class=\"inline-authors\">\n<div class=\"authors\"><\/div>\n<\/div>\n<ul>\n<li>626) David C. Luther, Harini Nagaraj, Ritabrita Goswami, Ya\u011f\u0131z An\u0131l \u00c7i\u00e7ek, Taewon Jeon, Sanjana Gopalakrishnan &amp; Vincent M. Rotello<br \/>\n&#8220;Direct Cytosolic Delivery of Proteins Using Lyophilized and Reconstituted Polymer-Protein Assemblies&#8221;<br \/>\n<a href=\"https:\/\/link.springer.com\/article\/10.1007\/s11095-022-03226-w\" target=\"_blank\" rel=\"noopener noreferrer\"><em>Pharm. Res., <\/em>March, 2022<\/a><\/li>\n<\/ul>\n<div class=\"inline-authors\">\n<div class=\"authors\"><\/div>\n<\/div>\n<ul>\n<li>625) Mingdi Jiang, Aritra Nath Chattopadhyay and Vincent M. Rotello<br \/>\n&#8220;Cell-Based Chemical Safety Assessment and Therapeutic Discovery Using Array-Based Sensors&#8221;<br \/>\n<a href=\"https:\/\/www.mdpi.com\/1422-0067\/23\/7\/3672\" target=\"_blank\" rel=\"noopener noreferrer\"><em>Int. J. Mol. Sci., <\/em>March, 2022<\/a><\/li>\n<\/ul>\n<div class=\"inline-authors\">\n<div class=\"authors\"><\/div>\n<\/div>\n<ul>\n<li>624) Joseph Hardie, Jessa Marie Makabenta, Aarohi Gupta, Rui Huang, Roberto Cao-Mil\u00e1n, Ritabrita Goswami, Xianzhi Zhang, Parvati Abdulpurkar, Michelle E. Farkas and Vincent M. Rotello<br \/>\n&#8220;Selective treatment of intracellular bacterial infections using host cell-targeted bioorthogonal nanozymes&#8221;<br \/>\n<a href=\"https:\/\/pubs.rsc.org\/en\/content\/articlelanding\/2022\/MH\/D1MH02042K\" target=\"_blank\" rel=\"noopener noreferrer\"><em>Mater. Horiz., <\/em>March, 2022<\/a><\/li>\n<\/ul>\n<div class=\"inline-authors\">\n<div class=\"authors\"><\/div>\n<\/div>\n<ul>\n<li>623) Mingdi Jiang, Aritra Nath Chattopadhyay, Yingying Genga and Vincent M. Rotello<br \/>\n&#8220;An array-based nanosensor for detecting cellular responses in macrophages induced by femtomolar levels of pesticides&#8221;<br \/>\n<a href=\"https:\/\/pubs.rsc.org\/en\/content\/articlelanding\/2022\/CC\/D1CC07100A\" target=\"_blank\" rel=\"noopener noreferrer\"><em>ChemComm, <\/em>February, 2022<\/a><\/li>\n<\/ul>\n<div class=\"inline-authors\">\n<div class=\"authors\"><\/div>\n<\/div>\n<p><img loading=\"lazy\" decoding=\"async\" class=\"wp-image-3270 aligncenter\" src=\"https:\/\/elements.chem.umass.edu\/rotellogroup\/files\/2022\/02\/Get.gif\" alt=\"\" width=\"268\" height=\"135\" \/><\/p>\n","protected":false},"excerpt":{"rendered":"<p>&nbsp; 636) Sanjana Gopalakrishnan, Aarohi Gupta, Dorcas Matuwana, John J. Amante, Cathal J. Kearney, and Vincent M. Rotello &#8220;In vitro cell culture models for ultrasound treatments using collagen-based scaffolds&#8221; MethodsX, November, 2022 &nbsp; 635) Mingdi Jiang, Aritra Nath Chattopadhyay, Cheng Hsuan Li, Yingying Geng, David C. Luther, Rui Huang and Vincent M. Rotello &#8220;Direct discrimination &hellip; <a href=\"https:\/\/elements.chem.umass.edu\/rotellogroup\/2022-2\/\" class=\"more-link\">Continue reading <span class=\"screen-reader-text\">2022<\/span><\/a><\/p>\n","protected":false},"author":68,"featured_media":0,"parent":0,"menu_order":0,"comment_status":"closed","ping_status":"closed","template":"","meta":{"footnotes":""},"class_list":["post-4016","page","type-page","status-publish","hentry"],"_links":{"self":[{"href":"https:\/\/elements.chem.umass.edu\/rotellogroup\/wp-json\/wp\/v2\/pages\/4016","targetHints":{"allow":["GET"]}}],"collection":[{"href":"https:\/\/elements.chem.umass.edu\/rotellogroup\/wp-json\/wp\/v2\/pages"}],"about":[{"href":"https:\/\/elements.chem.umass.edu\/rotellogroup\/wp-json\/wp\/v2\/types\/page"}],"author":[{"embeddable":true,"href":"https:\/\/elements.chem.umass.edu\/rotellogroup\/wp-json\/wp\/v2\/users\/68"}],"replies":[{"embeddable":true,"href":"https:\/\/elements.chem.umass.edu\/rotellogroup\/wp-json\/wp\/v2\/comments?post=4016"}],"version-history":[{"count":14,"href":"https:\/\/elements.chem.umass.edu\/rotellogroup\/wp-json\/wp\/v2\/pages\/4016\/revisions"}],"predecessor-version":[{"id":4401,"href":"https:\/\/elements.chem.umass.edu\/rotellogroup\/wp-json\/wp\/v2\/pages\/4016\/revisions\/4401"}],"wp:attachment":[{"href":"https:\/\/elements.chem.umass.edu\/rotellogroup\/wp-json\/wp\/v2\/media?parent=4016"}],"curies":[{"name":"wp","href":"https:\/\/api.w.org\/{rel}","templated":true}]}}